{"id":97,"date":"2023-09-28T10:30:21","date_gmt":"2023-09-28T15:30:21","guid":{"rendered":"https:\/\/clases-de.mx\/panama\/?page_id=97"},"modified":"2023-09-28T10:31:58","modified_gmt":"2023-09-28T15:31:58","slug":"mejores-universidades-en-panama","status":"publish","type":"page","link":"https:\/\/clases-de.mx\/panama\/","title":{"rendered":"Mejores Universidades en Panam\u00e1"},"content":{"rendered":"<h2>Mejores Universidades Privadas y P\u00fablicas<\/h2>\n","protected":false},"excerpt":{"rendered":"<p>Mejores Universidades Privadas y P\u00fablicas<\/p>\n","protected":false},"author":1,"featured_media":0,"parent":0,"menu_order":0,"comment_status":"closed","ping_status":"closed","template":"listado.php","meta":{"footnotes":""},"categories":[],"tags":[],"yoast_head":"<!-- This site is optimized with the Yoast SEO plugin v21.2 - https:\/\/yoast.com\/wordpress\/plugins\/seo\/ -->\n<title>Las Mejores Universidades en Panam\u00e1 - (Privadas y P\u00fablicas) 2026<\/title>\n<meta name=\"description\" content=\"Descubre la lista de las Mejores Universidades en Panam\u00e1 2026 - Universidades p\u00fablicas y privadas con Carreras y costo de matr\u00edcula * Maestr\u00edas\" \/>\n<meta name=\"robots\" content=\"index, follow, max-snippet:-1, max-image-preview:large, max-video-preview:-1\" \/>\n<link rel=\"canonical\" href=\"https:\/\/clases-de.mx\/panama\/\" \/>\n<meta property=\"og:locale\" content=\"es_ES\" \/>\n<meta property=\"og:type\" content=\"article\" \/>\n<meta property=\"og:title\" content=\"Las Mejores Universidades en Panam\u00e1 - (Privadas y P\u00fablicas) 2026\" \/>\n<meta property=\"og:description\" content=\"Descubre la lista de las Mejores Universidades en Panam\u00e1 2026 - Universidades p\u00fablicas y privadas con Carreras y costo de matr\u00edcula * Maestr\u00edas\" \/>\n<meta property=\"og:url\" content=\"https:\/\/clases-de.mx\/panama\/\" \/>\n<meta property=\"og:site_name\" content=\"Clases de Info Panama\" \/>\n<meta property=\"article:modified_time\" content=\"2023-09-28T15:31:58+00:00\" \/>\n<meta name=\"twitter:card\" content=\"summary_large_image\" \/>\n<meta name=\"twitter:label1\" content=\"Tiempo estimado de lectura\" \/>\n\t<meta name=\"twitter:data1\" content=\"1 minuto\" \/>\n<script type=\"application\/ld+json\" class=\"yoast-schema-graph\">{\"@context\":\"https:\/\/schema.org\",\"@graph\":[{\"@type\":\"WebPage\",\"@id\":\"https:\/\/clases-de.mx\/panama\/\",\"url\":\"https:\/\/clases-de.mx\/panama\/\",\"name\":\"Las Mejores Universidades en Panam\u00e1 - (Privadas y P\u00fablicas) 2026\",\"isPartOf\":{\"@id\":\"https:\/\/clases-de.mx\/panama\/#website\"},\"datePublished\":\"2023-09-28T15:30:21+00:00\",\"dateModified\":\"2023-09-28T15:31:58+00:00\",\"description\":\"Descubre la lista de las Mejores Universidades en Panam\u00e1 2026 - Universidades p\u00fablicas y privadas con Carreras y costo de matr\u00edcula * Maestr\u00edas\",\"breadcrumb\":{\"@id\":\"https:\/\/clases-de.mx\/panama\/#breadcrumb\"},\"inLanguage\":\"es-CO\",\"potentialAction\":[{\"@type\":\"ReadAction\",\"target\":[\"https:\/\/clases-de.mx\/panama\/\"]}]},{\"@type\":\"BreadcrumbList\",\"@id\":\"https:\/\/clases-de.mx\/panama\/#breadcrumb\",\"itemListElement\":[{\"@type\":\"ListItem\",\"position\":1,\"name\":\"Inicio\",\"item\":\"https:\/\/clases-de.mx\/panama\/\"},{\"@type\":\"ListItem\",\"position\":2,\"name\":\"Mejores Universidades en Panam\u00e1\"}]},{\"@type\":\"WebSite\",\"@id\":\"https:\/\/clases-de.mx\/panama\/#website\",\"url\":\"https:\/\/clases-de.mx\/panama\/\",\"name\":\"Clases de Info Panama\",\"description\":\"Conoce los mejores negocios y servicios locales de Panam\u00e1. Un c\u00f3modo direcctorio que seleccionamos para ti\",\"publisher\":{\"@id\":\"https:\/\/clases-de.mx\/panama\/#organization\"},\"potentialAction\":[{\"@type\":\"SearchAction\",\"target\":{\"@type\":\"EntryPoint\",\"urlTemplate\":\"https:\/\/clases-de.mx\/panama\/?s={search_term_string}\"},\"query-input\":\"required name=search_term_string\"}],\"inLanguage\":\"es-CO\"},{\"@type\":\"Organization\",\"@id\":\"https:\/\/clases-de.mx\/panama\/#organization\",\"name\":\"Clases de Info Panama\",\"url\":\"https:\/\/clases-de.mx\/panama\/\",\"logo\":{\"@type\":\"ImageObject\",\"inLanguage\":\"es-CO\",\"@id\":\"https:\/\/clases-de.mx\/panama\/#\/schema\/logo\/image\/\",\"url\":\"https:\/\/clases-de.mx\/panama\/wp-content\/uploads\/2023\/09\/screenshot.png\",\"contentUrl\":\"https:\/\/clases-de.mx\/panama\/wp-content\/uploads\/2023\/09\/screenshot.png\",\"width\":494,\"height\":322,\"caption\":\"Clases de Info Panama\"},\"image\":{\"@id\":\"https:\/\/clases-de.mx\/panama\/#\/schema\/logo\/image\/\"}}]}<\/script>\n<!-- \/ Yoast SEO plugin. -->","yoast_head_json":{"title":"Las Mejores Universidades en Panam\u00e1 - (Privadas y P\u00fablicas) 2026","description":"Descubre la lista de las Mejores Universidades en Panam\u00e1 2026 - Universidades p\u00fablicas y privadas con Carreras y costo de matr\u00edcula * Maestr\u00edas","robots":{"index":"index","follow":"follow","max-snippet":"max-snippet:-1","max-image-preview":"max-image-preview:large","max-video-preview":"max-video-preview:-1"},"canonical":"https:\/\/clases-de.mx\/panama\/","og_locale":"es_ES","og_type":"article","og_title":"Las Mejores Universidades en Panam\u00e1 - (Privadas y P\u00fablicas) 2026","og_description":"Descubre la lista de las Mejores Universidades en Panam\u00e1 2026 - Universidades p\u00fablicas y privadas con Carreras y costo de matr\u00edcula * Maestr\u00edas","og_url":"https:\/\/clases-de.mx\/panama\/","og_site_name":"Clases de Info Panama","article_modified_time":"2023-09-28T15:31:58+00:00","twitter_card":"summary_large_image","twitter_misc":{"Tiempo estimado de lectura":"1 minuto"},"schema":{"@context":"https:\/\/schema.org","@graph":[{"@type":"WebPage","@id":"https:\/\/clases-de.mx\/panama\/","url":"https:\/\/clases-de.mx\/panama\/","name":"Las Mejores Universidades en Panam\u00e1 - (Privadas y P\u00fablicas) 2026","isPartOf":{"@id":"https:\/\/clases-de.mx\/panama\/#website"},"datePublished":"2023-09-28T15:30:21+00:00","dateModified":"2023-09-28T15:31:58+00:00","description":"Descubre la lista de las Mejores Universidades en Panam\u00e1 2026 - Universidades p\u00fablicas y privadas con Carreras y costo de matr\u00edcula * Maestr\u00edas","breadcrumb":{"@id":"https:\/\/clases-de.mx\/panama\/#breadcrumb"},"inLanguage":"es-CO","potentialAction":[{"@type":"ReadAction","target":["https:\/\/clases-de.mx\/panama\/"]}]},{"@type":"BreadcrumbList","@id":"https:\/\/clases-de.mx\/panama\/#breadcrumb","itemListElement":[{"@type":"ListItem","position":1,"name":"Inicio","item":"https:\/\/clases-de.mx\/panama\/"},{"@type":"ListItem","position":2,"name":"Mejores Universidades en Panam\u00e1"}]},{"@type":"WebSite","@id":"https:\/\/clases-de.mx\/panama\/#website","url":"https:\/\/clases-de.mx\/panama\/","name":"Clases de Info Panama","description":"Conoce los mejores negocios y servicios locales de Panam\u00e1. Un c\u00f3modo direcctorio que seleccionamos para ti","publisher":{"@id":"https:\/\/clases-de.mx\/panama\/#organization"},"potentialAction":[{"@type":"SearchAction","target":{"@type":"EntryPoint","urlTemplate":"https:\/\/clases-de.mx\/panama\/?s={search_term_string}"},"query-input":"required name=search_term_string"}],"inLanguage":"es-CO"},{"@type":"Organization","@id":"https:\/\/clases-de.mx\/panama\/#organization","name":"Clases de Info Panama","url":"https:\/\/clases-de.mx\/panama\/","logo":{"@type":"ImageObject","inLanguage":"es-CO","@id":"https:\/\/clases-de.mx\/panama\/#\/schema\/logo\/image\/","url":"https:\/\/clases-de.mx\/panama\/wp-content\/uploads\/2023\/09\/screenshot.png","contentUrl":"https:\/\/clases-de.mx\/panama\/wp-content\/uploads\/2023\/09\/screenshot.png","width":494,"height":322,"caption":"Clases de Info Panama"},"image":{"@id":"https:\/\/clases-de.mx\/panama\/#\/schema\/logo\/image\/"}}]}},"_links":{"self":[{"href":"https:\/\/clases-de.mx\/panama\/wp-json\/wp\/v2\/pages\/97"}],"collection":[{"href":"https:\/\/clases-de.mx\/panama\/wp-json\/wp\/v2\/pages"}],"about":[{"href":"https:\/\/clases-de.mx\/panama\/wp-json\/wp\/v2\/types\/page"}],"author":[{"embeddable":true,"href":"https:\/\/clases-de.mx\/panama\/wp-json\/wp\/v2\/users\/1"}],"replies":[{"embeddable":true,"href":"https:\/\/clases-de.mx\/panama\/wp-json\/wp\/v2\/comments?post=97"}],"version-history":[{"count":2,"href":"https:\/\/clases-de.mx\/panama\/wp-json\/wp\/v2\/pages\/97\/revisions"}],"predecessor-version":[{"id":99,"href":"https:\/\/clases-de.mx\/panama\/wp-json\/wp\/v2\/pages\/97\/revisions\/99"}],"wp:attachment":[{"href":"https:\/\/clases-de.mx\/panama\/wp-json\/wp\/v2\/media?parent=97"}],"wp:term":[{"taxonomy":"category","embeddable":true,"href":"https:\/\/clases-de.mx\/panama\/wp-json\/wp\/v2\/categories?post=97"},{"taxonomy":"post_tag","embeddable":true,"href":"https:\/\/clases-de.mx\/panama\/wp-json\/wp\/v2\/tags?post=97"}],"curies":[{"name":"wp","href":"https:\/\/api.w.org\/{rel}","templated":true}]}}