{"id":591,"date":"2023-09-30T15:04:19","date_gmt":"2023-09-30T13:04:19","guid":{"rendered":"https:\/\/clases-de.mx\/argentina\/?page_id=591"},"modified":"2023-09-30T15:04:19","modified_gmt":"2023-09-30T13:04:19","slug":"politica-de-cookies","status":"publish","type":"page","link":"https:\/\/clases-de.mx\/argentina\/politica-de-cookies\/","title":{"rendered":"Pol\u00edtica de Cookies"},"content":{"rendered":"<p>Este sitio web usa cookies, las cuales son usadas para poder personalizar el contenido y los anuncios que aparecen, tambi\u00e9n para redes sociales, analizar y medir las m\u00e9tricas del tr\u00e1fico. Los datos recabados en la forma del uso de este sitio web los compartimos con nuestros partners de redes sociales, publicidad y an\u00e1lisis web, ellos tambi\u00e9n pueden combinarlo con otros datos que les haya proporcionado, o si han usado alguno de sus servicios. Usted como usuario tiene todo el derecho de aceptar o no las cookies de este sitio web.<\/p>\n<p><strong>Las cookies<\/strong> son archivos de texto que usan las webs para poder mejorar la experiencia del usuario.<\/p>\n<p>Seg\u00fan la ley dice que podemos hacer uso de las cookies y almacenarlas en su dispositivo si es realmente necesario para que la web funcione. Por otro lado, las otras cookies dependen de su consentimiento y su permiso.<\/p>\n<p>Est\u00e1 web maneja cookies, algunas son colocadas de forma autom\u00e1tica por nuestros partners esto porque usamos sus servicios, como por ejemplo los anuncios.<\/p>\n<p>Usted tiene todo el derecho y en cualquier momento puede eliminar o deshabilitar las cookies desde la <strong>Declaraci\u00f3n de Cookies<\/strong> en nuestro sitio.<\/p>\n<p>Usted tambi\u00e9n tiene derecho a saber qui\u00e9nes somos, sobre nuestro contacto, y c\u00f3mo hacemos uso de sus datos en nuestra <a href=\"https:\/\/clases-de.mx\/argentina\/politica-privacidad\/\"><strong>Pol\u00edtica de Privacidad<\/strong><\/a>.<\/p>\n<p>Su consentimiento aplica para este sitio web: <strong>clases-de.mx<\/strong><\/p>\n","protected":false},"excerpt":{"rendered":"<p>Este sitio web usa cookies, las cuales son usadas para poder personalizar el contenido y los anuncios que aparecen, tambi\u00e9n para redes sociales, analizar y medir las m\u00e9tricas del tr\u00e1fico. Los datos recabados en la forma del uso de este sitio web los compartimos con nuestros partners de redes sociales, publicidad y an\u00e1lisis web, ellos [&hellip;]<\/p>\n","protected":false},"author":1,"featured_media":0,"parent":0,"menu_order":0,"comment_status":"closed","ping_status":"closed","template":"","meta":{"footnotes":""},"categories":[],"tags":[],"yoast_head":"<!-- This site is optimized with the Yoast SEO plugin v22.6 - https:\/\/yoast.com\/wordpress\/plugins\/seo\/ -->\n<title>Pol\u00edtica de Cookies - Clases de Info Argentina<\/title>\n<meta name=\"robots\" content=\"index, follow, max-snippet:-1, max-image-preview:large, max-video-preview:-1\" \/>\n<link rel=\"canonical\" href=\"https:\/\/clases-de.mx\/argentina\/politica-de-cookies\/\" \/>\n<meta property=\"og:locale\" content=\"es_ES\" \/>\n<meta property=\"og:type\" content=\"article\" \/>\n<meta property=\"og:title\" content=\"Pol\u00edtica de Cookies - Clases de Info Argentina\" \/>\n<meta property=\"og:description\" content=\"Este sitio web usa cookies, las cuales son usadas para poder personalizar el contenido y los anuncios que aparecen, tambi\u00e9n para redes sociales, analizar y medir las m\u00e9tricas del tr\u00e1fico. Los datos recabados en la forma del uso de este sitio web los compartimos con nuestros partners de redes sociales, publicidad y an\u00e1lisis web, ellos [&hellip;]\" \/>\n<meta property=\"og:url\" content=\"https:\/\/clases-de.mx\/argentina\/politica-de-cookies\/\" \/>\n<meta property=\"og:site_name\" content=\"Clases de Info Argentina\" \/>\n<meta property=\"og:image\" content=\"https:\/\/clases-de.mx\/argentina\/wp-content\/uploads\/2023\/09\/screenshot.png\" \/>\n\t<meta property=\"og:image:width\" content=\"494\" \/>\n\t<meta property=\"og:image:height\" content=\"322\" \/>\n\t<meta property=\"og:image:type\" content=\"image\/png\" \/>\n<meta name=\"twitter:card\" content=\"summary_large_image\" \/>\n<meta name=\"twitter:label1\" content=\"Tiempo de lectura\" \/>\n\t<meta name=\"twitter:data1\" content=\"2 minutos\" \/>\n<script type=\"application\/ld+json\" class=\"yoast-schema-graph\">{\"@context\":\"https:\/\/schema.org\",\"@graph\":[{\"@type\":\"WebPage\",\"@id\":\"https:\/\/clases-de.mx\/argentina\/politica-de-cookies\/\",\"url\":\"https:\/\/clases-de.mx\/argentina\/politica-de-cookies\/\",\"name\":\"Pol\u00edtica de Cookies - Clases de Info Argentina\",\"isPartOf\":{\"@id\":\"https:\/\/clases-de.mx\/argentina\/#website\"},\"datePublished\":\"2023-09-30T13:04:19+00:00\",\"dateModified\":\"2023-09-30T13:04:19+00:00\",\"breadcrumb\":{\"@id\":\"https:\/\/clases-de.mx\/argentina\/politica-de-cookies\/#breadcrumb\"},\"inLanguage\":\"es-AR\",\"potentialAction\":[{\"@type\":\"ReadAction\",\"target\":[\"https:\/\/clases-de.mx\/argentina\/politica-de-cookies\/\"]}]},{\"@type\":\"BreadcrumbList\",\"@id\":\"https:\/\/clases-de.mx\/argentina\/politica-de-cookies\/#breadcrumb\",\"itemListElement\":[{\"@type\":\"ListItem\",\"position\":1,\"name\":\"Portada\",\"item\":\"https:\/\/clases-de.mx\/argentina\/\"},{\"@type\":\"ListItem\",\"position\":2,\"name\":\"Pol\u00edtica de Cookies\"}]},{\"@type\":\"WebSite\",\"@id\":\"https:\/\/clases-de.mx\/argentina\/#website\",\"url\":\"https:\/\/clases-de.mx\/argentina\/\",\"name\":\"Clases de Info en Argentina\",\"description\":\"Conoce los mejores negocios y servicios locales. Un c\u00f3modo direcctorio que seleccionamos para ti\",\"publisher\":{\"@id\":\"https:\/\/clases-de.mx\/argentina\/#\/schema\/person\/5d512a4f1da6faed14eb5b22c0798f66\"},\"potentialAction\":[{\"@type\":\"SearchAction\",\"target\":{\"@type\":\"EntryPoint\",\"urlTemplate\":\"https:\/\/clases-de.mx\/argentina\/?s={search_term_string}\"},\"query-input\":\"required name=search_term_string\"}],\"inLanguage\":\"es-AR\"},{\"@type\":[\"Person\",\"Organization\"],\"@id\":\"https:\/\/clases-de.mx\/argentina\/#\/schema\/person\/5d512a4f1da6faed14eb5b22c0798f66\",\"name\":\"campuserovirtual\",\"image\":{\"@type\":\"ImageObject\",\"inLanguage\":\"es-AR\",\"@id\":\"https:\/\/clases-de.mx\/argentina\/#\/schema\/person\/image\/\",\"url\":\"https:\/\/clases-de.mx\/argentina\/wp-content\/uploads\/2023\/09\/screenshot.png\",\"contentUrl\":\"https:\/\/clases-de.mx\/argentina\/wp-content\/uploads\/2023\/09\/screenshot.png\",\"width\":494,\"height\":322,\"caption\":\"campuserovirtual\"},\"logo\":{\"@id\":\"https:\/\/clases-de.mx\/argentina\/#\/schema\/person\/image\/\"},\"sameAs\":[\"https:\/\/clases-de.mx\/argentina\"]}]}<\/script>\n<!-- \/ Yoast SEO plugin. -->","yoast_head_json":{"title":"Pol\u00edtica de Cookies - Clases de Info Argentina","robots":{"index":"index","follow":"follow","max-snippet":"max-snippet:-1","max-image-preview":"max-image-preview:large","max-video-preview":"max-video-preview:-1"},"canonical":"https:\/\/clases-de.mx\/argentina\/politica-de-cookies\/","og_locale":"es_ES","og_type":"article","og_title":"Pol\u00edtica de Cookies - Clases de Info Argentina","og_description":"Este sitio web usa cookies, las cuales son usadas para poder personalizar el contenido y los anuncios que aparecen, tambi\u00e9n para redes sociales, analizar y medir las m\u00e9tricas del tr\u00e1fico. Los datos recabados en la forma del uso de este sitio web los compartimos con nuestros partners de redes sociales, publicidad y an\u00e1lisis web, ellos [&hellip;]","og_url":"https:\/\/clases-de.mx\/argentina\/politica-de-cookies\/","og_site_name":"Clases de Info Argentina","og_image":[{"width":494,"height":322,"url":"https:\/\/clases-de.mx\/argentina\/wp-content\/uploads\/2023\/09\/screenshot.png","type":"image\/png"}],"twitter_card":"summary_large_image","twitter_misc":{"Tiempo de lectura":"2 minutos"},"schema":{"@context":"https:\/\/schema.org","@graph":[{"@type":"WebPage","@id":"https:\/\/clases-de.mx\/argentina\/politica-de-cookies\/","url":"https:\/\/clases-de.mx\/argentina\/politica-de-cookies\/","name":"Pol\u00edtica de Cookies - Clases de Info Argentina","isPartOf":{"@id":"https:\/\/clases-de.mx\/argentina\/#website"},"datePublished":"2023-09-30T13:04:19+00:00","dateModified":"2023-09-30T13:04:19+00:00","breadcrumb":{"@id":"https:\/\/clases-de.mx\/argentina\/politica-de-cookies\/#breadcrumb"},"inLanguage":"es-AR","potentialAction":[{"@type":"ReadAction","target":["https:\/\/clases-de.mx\/argentina\/politica-de-cookies\/"]}]},{"@type":"BreadcrumbList","@id":"https:\/\/clases-de.mx\/argentina\/politica-de-cookies\/#breadcrumb","itemListElement":[{"@type":"ListItem","position":1,"name":"Portada","item":"https:\/\/clases-de.mx\/argentina\/"},{"@type":"ListItem","position":2,"name":"Pol\u00edtica de Cookies"}]},{"@type":"WebSite","@id":"https:\/\/clases-de.mx\/argentina\/#website","url":"https:\/\/clases-de.mx\/argentina\/","name":"Clases de Info en Argentina","description":"Conoce los mejores negocios y servicios locales. Un c\u00f3modo direcctorio que seleccionamos para ti","publisher":{"@id":"https:\/\/clases-de.mx\/argentina\/#\/schema\/person\/5d512a4f1da6faed14eb5b22c0798f66"},"potentialAction":[{"@type":"SearchAction","target":{"@type":"EntryPoint","urlTemplate":"https:\/\/clases-de.mx\/argentina\/?s={search_term_string}"},"query-input":"required name=search_term_string"}],"inLanguage":"es-AR"},{"@type":["Person","Organization"],"@id":"https:\/\/clases-de.mx\/argentina\/#\/schema\/person\/5d512a4f1da6faed14eb5b22c0798f66","name":"campuserovirtual","image":{"@type":"ImageObject","inLanguage":"es-AR","@id":"https:\/\/clases-de.mx\/argentina\/#\/schema\/person\/image\/","url":"https:\/\/clases-de.mx\/argentina\/wp-content\/uploads\/2023\/09\/screenshot.png","contentUrl":"https:\/\/clases-de.mx\/argentina\/wp-content\/uploads\/2023\/09\/screenshot.png","width":494,"height":322,"caption":"campuserovirtual"},"logo":{"@id":"https:\/\/clases-de.mx\/argentina\/#\/schema\/person\/image\/"},"sameAs":["https:\/\/clases-de.mx\/argentina"]}]}},"_links":{"self":[{"href":"https:\/\/clases-de.mx\/argentina\/wp-json\/wp\/v2\/pages\/591"}],"collection":[{"href":"https:\/\/clases-de.mx\/argentina\/wp-json\/wp\/v2\/pages"}],"about":[{"href":"https:\/\/clases-de.mx\/argentina\/wp-json\/wp\/v2\/types\/page"}],"author":[{"embeddable":true,"href":"https:\/\/clases-de.mx\/argentina\/wp-json\/wp\/v2\/users\/1"}],"replies":[{"embeddable":true,"href":"https:\/\/clases-de.mx\/argentina\/wp-json\/wp\/v2\/comments?post=591"}],"version-history":[{"count":1,"href":"https:\/\/clases-de.mx\/argentina\/wp-json\/wp\/v2\/pages\/591\/revisions"}],"predecessor-version":[{"id":592,"href":"https:\/\/clases-de.mx\/argentina\/wp-json\/wp\/v2\/pages\/591\/revisions\/592"}],"wp:attachment":[{"href":"https:\/\/clases-de.mx\/argentina\/wp-json\/wp\/v2\/media?parent=591"}],"wp:term":[{"taxonomy":"category","embeddable":true,"href":"https:\/\/clases-de.mx\/argentina\/wp-json\/wp\/v2\/categories?post=591"},{"taxonomy":"post_tag","embeddable":true,"href":"https:\/\/clases-de.mx\/argentina\/wp-json\/wp\/v2\/tags?post=591"}],"curies":[{"name":"wp","href":"https:\/\/api.w.org\/{rel}","templated":true}]}}